 of l.
11
Let u(y) = y - 8. Let s be u(9). Let m = s + 4. List the prime factors of m.
5
Suppose 3*m - 2*c - 98 = 0, -c + 134 = 5*m + 3*c. List the prime factors of m.
2, 3, 5
Let w(m) = -m**2 + 3*m + 4. Let q be w(4). Let a(x) = x**3 - x + 6. List the prime factors of a(q).
2, 3
Let j(u) be the third derivative of u**7/5040 + u**6/360 - u**5/30 - 2*u**2. Let r(n) be the third derivative of j(n). What are the prime factors of r(6)?
2
Let z(q) = q - 5. Let f(h) = h - 4. Let a(i) = 2*f(i) - 3*z(i). Let g(y) = -y - 7. Let l be g(-7). List the prime factors of a(l).
7
Let c(o) = -o**2 - 2*o - 2. Let g be c(-2). Let b = 4 + g. Let l(x) = -x**3 + 3*x**2 + 3*x - 1. What are the prime factors of l(b)?
3
Let k = -8 + 3. Let s be 9*k/((-15)/2). Suppose 0 = -3*l + s*l - 9. What are the prime factors of l?
3
Let y = -33 + 55. Let q be (-1 + 1 - 0) + y. Suppose -10 = -4*g + q. What are the prime factors of g?
2
Let o = -17 - 6. List the prime factors of o/(-3) - 4/6.
7
Suppose 0 = -2*r, v + 8 = -0*v - 4*r. Let k be (-69)/18 + (-1)/6. What are the prime factors of 26/8*(k - v)?
13
Suppose 9*b = 4*b - 20. Let c be (-3)/4 - 223/b. Suppose -2*v = -4*g - 56, -g - 49 = -5*v + c. What are the prime factors of v?
2, 5
Suppose -128*q = -126*q - 148. What are the prime factors of q?
2, 37
Suppose -12 = -3*u + 2*l + 12, -3*u + 21 = -l. Let d = u - 4. Suppose 5*v - 30 = -5*o, 0 = d*v - 4*o + o - 27. What are the prime factors of v?
3
Let y(l) = l**3 - 2*l**2 - l. Let o be y(-2). Let s = 41 + -62. Let w = o - s. List the prime factors of w.
7
Suppose -9*s + 356 = -364. What are the prime factors of s?
2, 5
Let d = -1 + 2. Let h(w) be the third derivative of w**5/10 + w**2. What are the prime factors of h(d)?
2, 3
Let s = -6 + 10. Suppose -i = i + s. What are the prime factors of 4*3/(-12)*i?
2
Let d = -73 + 115. What are the prime factors of d?
2, 3, 7
Suppose 2*x = -4*n + 8, -5*n + 4 = 4*x - 0. Let y(q) = 15*q + 15. Let p(m) = -4*m - 4. Let z(k) = -22*p(k) - 6*y(k). List the prime factors of z(x).
2, 3
Let o be (-240)/(-18) + (-4)/(-6). Let h = -4 + o. What are the prime factors of h?
2, 5
Let c be (-1524)/(-20) - 2/10. Let d = c - 51. What are the prime factors of d?
5
Suppose 3*z = 3*c + 261, 0 = 3*z + 4*c - 189 - 37. Suppose -2*q + 2 = 0, -4*q + 2 = -2*a + z. List the prime factors of a.
2, 3, 7
Let j = -101 + 226. What are the prime factors of j?
5
Suppose 3*r + 61 = 3*k - 17, -5*k - 4*r = -157. What are the prime factors of k?
29
Suppose -15*k + 12*k + 27 = 0. What are the prime factors of k?
3
Let l = 305 + -152. List the prime factors of l.
3, 17
Let z(v) = 14*v + 41. List the prime factors of z(5).
3, 37
Let c(q) = q**3 + 2*q**2 - 3*q. Let t be c(-3). Suppose 5*y + 3*a - 222 = t, -2*a = 5*y - a - 214. List the prime factors of y.
2, 3, 7
Let b(a) = a + 1. Suppose -j - 3 = -7. Let x be b(j). Suppose -5*s + 40 = h, 51 = s + x*h + 19. What are the prime factors of s?
7
Suppose 0*o - 4*o = 5*s - 45, 0 = -3*o - 3*s + 30. List the prime factors of o.
5
Let b(u) = -u**3 - 3*u**2 - 3*u + 11. List the prime factors of b(-4).
3, 13
Suppose 4*d - 46 = a, -190 = 4*a - 4*d - 30. Let w = a + 54. What are the prime factors of w?
2
Suppose 8*p + 123 + 93 = 0. Let m = -12 + 3. List the prime factors of (-38)/(-3) + m/p.
13
Let x be (-8)/6*-9 - 0. Suppose 2*s - 3*s = -x. List the prime factors of s.
2, 3
Let b = 53 - 130. Let g = b - -123. Suppose 2 = -4*l + g. What are the prime factors of l?
11
Suppose -2*h + 348 = 2. What are the prime factors of h?
173
Suppose k - 16 = -5*l + 8, -5*l = 20. Let v = -25 + k. What are the prime factors of v?
19
Let v(r) = 5*r - 16. Let t be v(8). What are the prime factors of ((-12)/(-8))/(3/t)?
2, 3
Let o = 30 + -16. Let t = o - -10. Suppose -p = -4*z + 8, 3*z + t + 4 = 5*p. List the prime factors of p.
2
Let y(r) = -r + 2. Let u be y(4). What are the prime factors of u + (31 - 8/(-2))?
3, 11
Suppose 5*p + 2*b - 18 = 3*p, -35 = -5*p - 3*b. Suppose 4*g = 3*g + 16. Suppose -4*i - h = -g, i - 2*h - 33 = -p*i. What are the prime factors of i?
5
Let b(p) = -212*p. Let a be b(-4). What are the prime factors of a/18 + (-8)/72?
47
List the prime factors of (-5 - -11)/(6/80).
2, 5
Let g be 0 - -8 - (1 - 2). List the prime factors of 2*(-3)/(g/(-21)).
2, 7
Let g = 22 + 28. List the prime factors of g.
2, 5
Let i = 156 - 68. Suppose i + 112 = 4*f. List the prime factors of f.
2, 5
Suppose 0 = -2*y - 3*g, -11 = 2*y - 3*g + 1. Let k = 7 + y. Suppose h - k*h + 5*u + 29 = 0, 4*h - 27 = -5*u. List the prime factors of h.
2
Let z = 38 - -14. List the prime factors of z.
2, 13
Suppose -y = -2*c + 24, 5*y + c = -8 - 68. Suppose 2*q + 3*p = 62, -2*p - 108 = -0*q - 4*q. Let h = q + y. What are the prime factors of h?
2, 3
Suppose y + 2*y - 66 = 0. List the prime factors of y.
2, 11
Let h be 0*((-7)/2)/7. Suppose -4*z = -3*p + 44, 5*p - 30 = -h*z - 2*z. List the prime factors of p.
2
Let r(u) = u**3 + 13*u**2 - 3*u - 17. List the prime factors of r(-13).
2, 11
Suppose 16 + 28 = -2*n. Let a = n + 27. What are the prime factors of a?
5
Let d(r) = r**3 - 10*r**2 + 8*r + 1. What are the prime factors of d(11)?
2, 3, 5, 7
Let v = 2 - -4. Let d(g) = -g**3 + 5*g**2 + 8*g - 8. Let j be d(6). Suppose -y + v = -j. List the prime factors of y.
2, 5
Suppose 5*x - 5*z = 0, -5*x + 4*z = -2 - 1. Suppose -3*q + 15 + x = 0. List the prime factors of q.
2, 3
What are the prime factors of (-3)/(-1*(-4)/(-44))?
3, 11
Let v = 81 - 49. What are the prime factors of v?
2
Suppose w + 1 - 4 = 0. What are the prime factors of w?
3
Suppose -r + 5 - 4 = 0. Let z be (87/9 - r)*3. Let f = z + -14. What are the prime factors of f?
2, 3
Suppose 0 = 3*u - 1 - 11. Suppose -2*j + 33 = l + 4*l, u*j = l + 55. Let r = -4 + j. List the prime factors of r.
2, 5
Let b = 76 + -28. List the prime factors of b.
2, 3
Let k(n) = 2*n - 18. Let i be k(12). Let s be ((-10)/i)/((-6)/(-36)). What are the prime factors of 384/30 + (-2)/s?
13
Let l(b) = -99*b + 3. What are the prime factors of l(-1)?
2, 3, 17
Let r(q) be the second derivative of -16*q**3/3 - 5*q. What are the prime factors of r(-1)?
2
What are the prime factors of 0 + 4/22 + (-22200)/(-110)?
2, 101
Suppose -12*o + 235 = -7*o. List the prime factors of o.
47
Let x = 6 - 3. Suppose -t - 4*a + 4 = 0, a = -3*t + x*a + 82. Suppose -3*j + t = -j. What are the prime factors of j?
2, 3
Suppose 11*z + 846 = 14*z. What are the prime factors of z?
2, 3, 47
Let p(d) = d**2 - 5*d + 17. Let z(g) = -3*g + 8. Let a(j) = 3*p(j) - 7*z(j). What are the prime factors of a(-5)?
2, 5
Suppose 19*y = 17*y + 38. Let p = -16 + y. List the prime factors of p.
3
Suppose -4*v + w = 14, -3*w - 2*w = 4*v + 2. What are the prime factors of 2/(v - 1)*-20?
2, 5
Suppose 32 = 4*j - 0. Suppose -p = -0*p + j. What are the prime factors of (-2 - p/3)*3?
2
Suppose -3*u + 3 = p, -4*p + 0*p - 5*u + 19 = 0. Let c = 8 + p. Suppose 2*r = -0*r + c. List the prime factors of r.
7
Let b = 27 + -21. Let i(w) = w**3 - 6*w**2 + 4*w - 8. List the prime factors of i(b).
2
Let o(u) = -u**2 + 4*u - 1. Let t be o(3). Let i = 46 - 22. Suppose 5*x - i = t*x. What are the prime factors of x?
2
Suppose 3*f - f = 6. Suppose z + f*z - 44 = 0. List the prime factors of z.
11
Suppose -5*x + 4*t = -205, 0 = -t - 2*t - 15. List the prime factors of x.
37
List the prime factors of 1/(0 - 4/(-40)).
2, 5
Let m(y) = 5*y**2 - y + 6. What are the prime factors of m(3)?
2, 3
Suppose 0*u = 5*u. Let l be (2 + -3)*(u + 1). What are the prime factors of -2 + (-22)/(-1 + l)?
3
Let o(f) = 0*f + f + f**2 - 1 - 3. Suppose 4 = 3*d - 4*d. List the prime factors of o(d).
2
Let m(w) = -5*w + 22. What are the prime factors of m(-11)?
7, 11
Let c(j) = -2*j + 24. What are the prime factors of c(-7)?
2, 19
Let p be 12/(-8) - 134/(-4). Let x(j) = j**3 - 6*j**2 - 11*j + 5. Let h be x(7). Let q = h + p. What are the prime factors of q?
3
Let y(h) = h**2 + 5*h - 4. List the prime factors of y(-6).
2
Suppose 5*w + 1 = 3*s, -3*s - 3*w + 2 = -7*w. Let y(q) = 2*q + 6 - 2*q + 2 - q**s + q. What are the prime factors of y(0)?
2
Suppose 3*c + 38 = 5*w - c, -2*w + 3*c + 11 = 0. What are the prime factors of w?
2, 5
Let c be (-15)/4 + 15/20. Let f(n) = -6*n. List the prime factors of f(c).
2, 3
Let w = 3 + -3. Suppose z + 18 = -3*g, -4*g + w = 